313*p + 22. Calculate l(-9).
-41
Let j(h) = 9*h - 508. Determine j(18).
-346
Let z(d) = -119*d**3 + 5*d**2 - 9*d + 33. Determine z(3).
-3162
Let f(j) = -26*j - 450. What is f(-31)?
356
Let z(b) = 322*b + 18044. Give z(-56).
12
Let i(p) = -p**3 + 86*p**2 - 424*p - 4379. Calculate i(80).
101
Let h(v) = -v**2 - 532*v + 8783. Calculate h(16).
15
Let f(h) = 6*h**3 + h**2 + 635*h + 1892. Calculate f(-3).
-166
Let k(u) = -142*u**3 + 5397*u**2 - 30*u - 297. What is k(38)?
7
Let q(a) = -a**2 + 526*a - 58134. Give q(368).
10
Let f(r) = -361*r + 2879. Give f(7).
352
Let r(k) = -k**2 - 805*k - 3283. What is r(-4)?
-79
Let o(c) = c**2 - 574*c - 34573. Give o(-55).
22
Let d(b) = -100*b + 818. Determine d(17).
-882
Let a(s) = -s**2 + 12754*s + 370692. Give a(-29).
-15
Let h(x) = x**3 - 237*x**2 + 5113*x - 35. What is h(24)?
-11
Let r(m) = 3*m**2 + 162290*m + 973616. Calculate r(-6).
-16
Let o(d) = 760*d - 286. What is o(0)?
-286
Let g(j) = -41882*j - 4062563. Calculate g(-97).
-9
Let j(r) = -19*r**3 + 2*r**2 + 32*r + 114. What is j(-4)?
1234
Let r(l) = 13964*l - 97919. What is r(7)?
-171
Let j(g) = -204*g**2 - 90980*g + 1779. Determine j(-446).
-5
Let t(q) = q**2 + 192*q - 14374. What is t(56)?
-486
Let h(w) = 125*w**2 - 4*w - 83. Give h(4).
1901
Let z(i) = -19326*i + 4116454. Calculate z(213).
16
Let n(f) = -7328*f + 36744. Calculate n(5).
104
Let t(a) = -a**2 + 1434*a - 276892. Give t(230).
28
Let x(j) = 111*j**2 - 1217*j + 2075. Give x(9).
113
Let t(y) = -5*y**2 - 550*y - 3125. Give t(-104).
-5
Let c(x) = -12*x**2 + 677*x + 5796. Give c(64).
-28
Let x(z) = 4*z**3 + 7*z**2 + 1323*z + 3995. Give x(-3).
-19
Let h(v) = 71*v**2 - 865*v + 1972. What is h(3)?
16
Let y(z) = 728*z - 11144. What is y(15)?
-224
Let t(d) = -d**2 + 121*d + 4361. Calculate t(-28).
189
Let g(a) = 631779*a + 20216929. Calculate g(-32).
1
Let j(z) = 1789*z + 8635. Calculate j(-5).
-310
Let p(v) = 6300*v + 132277. Give p(-21).
-23
Let f(o) = 4*o**2 - 14377*o + 1152012. What is f(82)?
-6
Let w(c) = -c**3 + 32*c - 107. Calculate w(6).
-131
Let m(t) = 3342*t + 1266626. Calculate m(-379).
8
Let j(g) = -1438*g**2 + 3997*g - 2. What is j(3)?
-953
Let z(k) = -1939*k - 83429. Calculate z(-43).
-52
Let q(b) = -741550*b + 2966203. Calculate q(4).
3
Let v(g) = 6*g**3 + g**2 - 1241*g - 3765. Determine v(-3).
-195
Let s(o) = -o**3 + 725*o**2 - 99899*o - 189. Determine s(185).
-4
Let q(d) = -2*d**3 - 48*d**2 + 273*d - 24. Give q(-29).
469
Let f(x) = -4*x**3 + 1967*x**2 + 10432*x + 2487. Calculate f(497).
2
Let j(a) = 2*a**2 + 49*a - 1251. Calculate j(-50).
1299
Let l(o) = -2424*o + 50885. Calculate l(21).
-19
Let n(p) = -2*p**2 - 161*p - 2145. Calculate n(-17).
14
Let v(b) = 4*b**3 - 23*b**2 - 3222*b - 17638. Calculate v(-6).
2
Let k(r) = r**3 - 163*r**2 + 135*r - 76724. Determine k(165).
1
Let u(s) = 2734*s - 32829. Calculate u(12).
-21
Let l(c) = 2195*c - 197383. Calculate l(90).
167
Let j(d) = 2*d**3 - 254*d**2 - 51*d + 6307. Calculate j(127).
-170
Let k(m) = -596*m - 23489. Calculate k(-42).
1543
Let c(z) = 5166*z + 5067. What is c(-1)?
-99
Let y(a) = a**2 + 13*a - 9341. Calculate y(91).
123
Let r(t) = t**2 - 83*t + 2234. Calculate r(32).
602
Let d(y) = -14*y**3 + 405*y**2 + 95*y - 1973. What is d(29)?
-59
Let f(w) = 266*w - 9364. Give f(38).
744
Let w(h) = 10*h**2 + 13*h - 341. Calculate w(-6).
-59
Let m(c) = 6*c**3 + 378*c**2 + 372*c + 2. Give m(-62).
2
Let v(a) = 2*a**3 + 7*a**2 + 2991*a + 21295. Determine v(-7).
15
Let b(x) = 2*x**2 + 820*x + 64074. Determine b(-305).
24
Let z(n) = -38915*n - 1945749. Determine z(-50).
1
Let n(i) = 3*i**3 - 2690*i**2 + 7208*i - 50070. Determine n(894).
-6
Let u(k) = -2*k**3 - 244*k**2 - 4232*k + 225. Calculate u(-21).
15
Let b(d) = 11*d**2 - 26028*d + 745550. Give b(29).
-11
Let o(d) = 530*d - 310338. Determine o(586).
242
Let y(c) = -4*c**3 - 3*c**2 + 22*c - 32. What is y(-6)?
592
Let w(i) = -2*i**3 + 5*i**2 + 56*i - 183. Calculate w(4).
-7
Let s(c) = 91*c**2 + 3829*c - 3833. What is s(1)?
87
Let z(g) = -10*g**3 - 784*g**2 - 329*g - 1277. What is z(-78)?
49
Let b(m) = m**2 + 36319*m - 4336140. What is b(119)?
-18
Let a(n) = -199*n**2 + 1223*n + 28. Give a(6).
202
Let y(l) = -657*l + 30147. Determine y(46).
-75
Let r(a) = a**3 + 40*a**2 - 2189*a - 88065. Calculate r(-41).
3
Let z(j) = 17*j**2 + 347*j + 45. Calculate z(-19).
-411
Let r(g) = 1671*g + 58760. Determine r(-35).
275
Let x(w) = -74*w - 2729. Determine x(-35).
-139
Let k(r) = -903*r - 871. Determine k(-6).
4547
Let i(p) = -1932455*p - 25121918. What is i(-13)?
-3
Let g(u) = 126*u + 5211. Give g(-39).
297
Let l(z) = -768*z - 85237. What is l(-111)?
11
Let f(n) = -195*n + 20835. Give f(106).
165
Let k(m) = 12*m + 578. What is k(-28)?
242
Let w(m) = 8*m**2 - 211*m + 1063. Determine w(19).
-58
Let t(m) = -8*m**3 - 158*m**2 + 37*m - 36. What is t(-20)?
24
Let z(p) = -3*p**3 - 1396*p**2 + 3761*p + 7978. Calculate z(-468).
22
Let z(f) = -761*f**3 - 6*f**2 + 5*f + 11. Determine z(-1).
761
Let k(t) = 1326*t - 2682. Give k(2).
-30
Let s(g) = 99903*g - 299656. Determine s(3).
53
Let y(q) = -5*q**2 - 377*q + 3052. What is y(-83)?
-102
Let s(v) = v**3 + 6*v**2 - 70*v - 491. Determine s(-7).
-50
Let j(b) = b**3 - 1204*b**2 - 1723*b - 830958. Determine j(1206).
-24
Let w(g) = -48*g**3 - 2*g**2 - 12554*g + 12555. Determine w(1).
-49
Let l(g) = g**3 + 36*g**2 - 118*g - 5849. Calculate l(-33).
1312
Let p(o) = -86*o**2 - 14179*o + 1817. Calculate p(-165).
2
Let w(p) = 4*p**2 - 62523*p - 62521. What is w(-1)?
6
Let l(m) = -139*m + 2209. Calculate l(15).
124
Let v(k) = 10*k**2 + 870*k + 18864. Calculate v(-46).
4
Let r(s) = 21996*s - 219975. Calculate r(10).
-15
Let n(a) = a**3 - 10*a**2 - 36*a - 98. Determine n(17).
1313
Let r(v) = -8*v**2 - 20344*v + 142797. Give r(7).
-3
Let s(a) = 22992*a**2 + 91957*a - 4. Determine s(-4).
40
Let r(y) = 2556*y + 189150. What is r(-74)?
6
Let t(c) = 54691*c - 492215. Determine t(9).
4
Let b(z) = -7137*z + 221064. Determine b(31).
-183
Let o(j) = -367*j**2 - 187*j - 2. Give o(-1).
-182
Let s(b) = -3*b**2 + 315*b + 87202. What is s(-126)?
-116
Let b(z) = 339*z - 26841. What is b(79)?
-60
Let w(j) = 3*j**3 - 3543*j**2 - 449*j + 530260. What is w(1181)?
-9
Let z(n) = -380847*n - 4570159. Determine z(-12).
5
Let b(f) = -f**3 + 15846*f**2 - 1637168*f - 6. What is b(104)?
-6
Let g(x) = 9613*x + 336533. Calculate g(-35).
78
Let j(v) = -v**2 + 5412*v - 452818. What is j(85)?
-23
Let o(l) = l**2 - 19912*l + 2925076. Give o(148).
4
Let o(i) = -2*i**2 + 159*i + 1054. Calculate o(24).
3718
Let l(q) = 2477*q - 76. Give l(0).
-76
Let u(r) = -386*r - 661. What is u(-4)?
883
Let t(i) = -2*i**2 + 1190*i + 158284. Determine t(707).
-84
Let y(v) = -3*v**2 + 4043*v + 1565278. Determine y(-314).
-12
Let j(s) = -11733*s - 469314. Determine j(-40).
6
Let m(u) = 9*u**3 - 75*u**2 + 25*u + 15. Calculate m(8).
23
Let r(o) = -54*o**2 + 52*o + 148. Determine r(-3).
-494
Let u(f) = f**3 - 14*f**2 + 36*f + 59. What is u(12)?
203
Let v(y) = -y**3 + 1590*y**2 - 8487*y + 890769. What is v(1585)?
-1
Let o(r) = -2*r**2 + 566*r - 5253. Calculate o(273).
207
Let h(y) = -91*y**2 + 826*y - 827. Give h(1).
-92
Let i(r) = -102*r**2 - 979*r + 8264. Give i(-15).
-1
Let n(k) = 50938*k + 611227. Give n(-12).
-29
Let p(z) = 10*z**2 + 47390*z - 2201105. What is p(46)?
-5
Let u(s) = 2*s**3 + 159*s**2 - 7581*s - 1129. What is u(-113)?
1
Let x(w) = w**3 + 428*w**2 - 3015*w + 13039. What is x(-435)?
-11
Let p(n) = 3*n**3 - 110*n**2 - 21*n - 779. Determine p(37).
-187
Let m(s) = -5*s**2 + 49*s + 912. Calculate m(0).
912
Let n(z) = z**3 + 16*z**2 + 226*z + 1895. Calculate n(-11).
14
Let n(z) = -3*z**3 - 688*z**2 - 1508*z - 452640. Give n(-230).
0
Let a(h) = -19*h**3 + 1557*h**2 + 65*h + 1153. Calculate a(82).
-241
Let q(c) = 3507*c + 133403. What is q(-38)?
137
Let d(l) = -6*l**2 - 1104*l + 9189. Give d(8).
-27
Let x(t) = -4*t**3 + 260*t**2 - 998*t + 81. What is x(4)?
-7
Let u(i) = 3*i**3 - 80*i**2 - 143*i + 956. Determine u(28).
88
Let j(t) = -2896*t - 14185. Calculate j(-5).
295
Let s(x) = -x**2 - 1635*x + 72161. Give s(43).
7
Let c(l) = -1426*l**2 - 105*l - 15. Give c(-1).
-1336
Let r(j) = -29*j**2 - 368*j - 784. Calculate r(-10).
-4
Let c(v) = -64571*v - 451961. What is c(-7)?
36
Let g(b) = b**2 - 1081*b + 168615. Calculate g(892).
